{"id":599,"date":"2020-04-29T16:28:18","date_gmt":"2020-04-29T14:28:18","guid":{"rendered":"http:\/\/openheim.org\/flow-land\/"},"modified":"2024-09-16T15:46:08","modified_gmt":"2024-09-16T13:46:08","slug":"flow-land","status":"publish","type":"page","link":"https:\/\/openheim.org\/pl\/projekty\/flow-land\/","title":{"rendered":"FLOWLAND"},"content":{"rendered":"<p><strong>FLOWLAND<\/strong><\/p>\n<p><span style=\"font-weight: 400;\"><strong>Piknik artystyczny w Tarczynie<br \/>\n<\/strong>Tarczyn 13, Wle\u0144<br \/>\n<\/span><br \/>\n<a style=\"font-size: inherit; background-color: #fefefe;\" href=\"https:\/\/www.facebook.com\/flowlandtarczyn\">>> FB<\/a><br \/>\n<a style=\"font-size: inherit; background-color: #fefefe;\" href=\"http:\/\/www.flowland.org\/\">>> WWW<\/a><\/p>\n<p><strong>Aktualna edycja:<\/strong> 14.09.2024, Tarczyn<br \/>\n<strong>Do\u0142\u0105cz do wydarzenia:<\/strong> >> <a href=\"https:\/\/fb.me\/e\/3YXg87Ltk\" target=\"_blank\" rel=\"noopener\">link<\/a> <<\n\n<em>*Ze wzgl\u0119du na zagro\u017cenie powodziowe i trudne warunki pogodowe, FLOWLAND: 8. Piknik Artystyczny w Tarczynie zosta\u0142 odwo\u0142any.<\/em><\/p>\n<p><span style=\"font-weight: 400;\">Piknik organizowany przez Fundacj\u0119 FLOWLAND we wsp\u00f3\u0142pracy z OP ENHEIM to inicjatywa powsta\u0142a w 2016 roku, maj\u0105ca na celu popularyzacj\u0119 poszanowania dziedzictwa naturalnego i kulturalnego. Idea pikniku powsta\u0142a z potrzeby krzewienia \u015bwiadomo\u015bci na temat wyj\u0105tkowego regionu w wojew\u00f3dztwie dolno\u015bl\u0105skim, kt\u00f3ry odznacza si\u0119 nie tylko swoj\u0105 histori\u0105, ale tak\u017ce niezwyk\u0142ymi walorami przyrodniczo-estetycznymi. Rokrocznie zapraszamy do Tarczyna ko\u0142o Wlenia, by\u015bmy mogli wsp\u00f3lnie spotka\u0107 si\u0119 ze sob\u0105, sztuk\u0105 i edukacj\u0105.<\/span><\/p>\n<p><b>\u00d3sma edycja Pikniku<br \/>\n<\/b><\/p>\n<p class=\"p1\"><span class=\"s1\">W tym roku na terenie Gospodarstwa FLOWLAND przygotowali\u015bmy ciekawe warsztaty, spotkania i dyskusje. Ponadto, w programie znalaz\u0142o si\u0119 otwarcie wystawy Anny Bujak pt.\u00a0<em>Anima<\/em>\u00a0powsta\u0142\u0105 dzi\u0119ki wsp\u00f3\u0142pracy i\u00a0opiece kuratorskiej Justyny Teodorczyk, a\u00a0w\u00a0przestrzeni Domku Letniego zaprezentujemy tw\u00f3rczo\u015b\u0107 lokalnego artysty ps.<em>\u00a0Lucens<\/em>. Pasjonaci zielarstwa b\u0119d\u0105 mieli okazj\u0119 do\u00a0wys\u0142uchania wyk\u0142adu Justyny Pobiedzi\u0144skiej pt.\u00a0<em>Cudowne w\u0142a\u015bciwo\u015bci ro\u015blin leczniczych i\u00a0jak rozpozna\u0107 ro\u015bliny truj\u0105ce?<\/em>, a\u00a0zainteresowani renowacj\u0105 do\u00a0wzi\u0119cia udzia\u0142u w\u00a0dyskusji\u00a0<em>long table<\/em>\u00a0prowadzonej przez\u00a0Marka Sztarka \u2013\u00a0<em>Ratownik. Szaleniec czy pasjonat od zabytk\u00f3w? <\/em><\/span><span class=\"s1\">Cz\u0119\u015bci\u0105 Pikniku b\u0119dzie tak\u017ce koncert Kasi Pakosy i Artura Witkowskiego.\u00a0<\/span><\/p>\n<p class=\"p1\"><span class=\"s1\"> Nie zabraknie oczywi\u015bcie tego, co wszyscy lubi\u0105 najbardziej, czyli sesji jogi na trawie, rozgrywek szachowych i wielu innych atrakcji. Nieod\u0142\u0105cznym punktem programu, jest oczywi\u015bcie jarmark produkt\u00f3w regionalnych i r\u0119kodzie\u0142a, na kt\u00f3rym mo\u017cna skosztowa\u0107 wyrob\u00f3w lokalnych rzemie\u015blnik\u00f3w oraz zobaczy\u0107 wyroby r\u0119kodzielnicze tw\u00f3rczy\u0144 i tw\u00f3rc\u00f3w z Dolnego \u015al\u0105ska. W tym roku r\u00f3wnie\u017c Piknik jest elementem obchod\u00f3w Europejskich Dni Dziedzictwa, a podczas wydarzenia b\u0119dziemy obchodzi\u0107 uroczysto\u015bci zwi\u0105zane z og\u0142oszeniem nominacji w konkursie <i>Zabytek-nie zapomnij! \/ Denkmal-denk mal dran!<\/i>.<\/span><\/p>\n<p class=\"p1\"><span class=\"s1\">Widzimy si\u0119 14 wrze\u015bnia na terenie FLOWLAND!<\/span><\/p>\n<p><b>Czym jest FLOWLAND?<br \/>\n<\/b><span style=\"font-weight: 400;\">FLOWLAND to projekt realizowany od 2016 roku, kt\u00f3ry ma na celu popularyzacj\u0119 warto\u015bci poszanowania dziedzictwa naturalnego i kulturowego. Dotychczas organizowali\u015bmy go jedynie w formie jednodniowego wydarzenia lokalnego, natomiast w tym roku rozszerzamy nasze dzia\u0142ania, udaj\u0105c si\u0119 w nowe kierunki rozwoju.\u00a0<\/span><span style=\"font-weight: 400;\">Chc\u0105c realizowa\u0107 misj\u0119, podj\u0119li\u015bmy kroki profesjonalizacji naszych dzia\u0142a\u0144 i powo\u0142ali\u015bmy Fundacj\u0119 FLOWLAND, kt\u00f3ra organizuje i porz\u0105dkuje nasze wszystkie dotychczasowe dzia\u0142ania w regionie. FLOWLAND staje si\u0119 gospodarstwem ekologiczno-artystycznym, w kt\u00f3rym chcemy nie tylko rokrocznie spotyka\u0107 si\u0119 przy okazji pikniku, ale tak\u017ce tworzy\u0107 otwart\u0105 przestrze\u0144 &#8211; miejsce warsztat\u00f3w i spotka\u0144 zwi\u0105zanych z kultur\u0105, sztuk\u0105 i edukacj\u0105. Pragniemy propagowa\u0107 ide\u0119 zdrowego ekologicznego \u017cywienia i zr\u00f3wnowa\u017conego podej\u015bcia do \u015brodowiska, wspieraj\u0105c lokalne inicjatywy oraz nawi\u0105zuj\u0105c wsp\u00f3\u0142prac\u0119 z grupami, zajmuj\u0105cymi si\u0119 ekologi\u0105, kultur\u0105, sztuk\u0105.\u00a0<\/span><\/p>\n<p><span style=\"font-weight: 400;\">Aktywnie promujemy tak\u017ce tutejsze stare sady i dawne odmiany drzew owocowych poprzez stworzenie sad\u00f3w edukacyjnych, rekultywacj\u0119 kolejnych cz\u0119\u015bci starych alei czere\u015bniowych oraz rozwijanie starego wiejskiego ogrodu przydomowego do cel\u00f3w edukacyjnych. Poprzez FLOWLAND promujemy zatem walory regionu i aktywnie wspieramy turystyk\u0119 zar\u00f3wno\u00a0 gminy, jak i powiatu.\u00a0<\/span><span style=\"font-weight: 400;\">Wi\u0119cej informacji: <\/span><a href=\"https:\/\/fb.me\/e\/1DEsUCwcK\"><span style=\"font-weight: 400;\">link<\/span><\/a><span style=\"font-weight: 400;\">.<\/span><\/p>\n<p><b>TARCZYN<br \/>\n<\/b><span style=\"font-weight: 400;\">Siedzib\u0105 FLOWLAND jest Tarczyn k. Wlenia \u2013 najmniejsza wioska w Sudetach Zachodnich, mog\u0105ca poszczyci\u0107 si\u0119 \u015bredniowieczn\u0105 metryk\u0105. Jego integraln\u0105 cz\u0119\u015bci\u0105 jest nietuzinkowy krajobraz, na kt\u00f3ry sk\u0142ada si\u0119 nie tylko przyroda, ale tak\u017ce szachownice p\u00f3l i sam uk\u0142ad wsi po\u0142o\u017conej na g\u00f3rze Tarczynce, z kt\u00f3rej podziwia\u0107 mo\u017cna zapieraj\u0105c\u0105 dech w piersiach panoram\u0119 Karkonoszy i poznawa\u0107 tradycje kulturowe tych teren\u00f3w.<\/span><\/p>\n<p><span style=\"font-weight: 400;\">Pierwsze wzmianki o Tarczynie zlokalizowanym niedaleko Wlenia pojawia\u0142y si\u0119 ju\u017c na prze\u0142omie XII i XIII wieku. Jest przyk\u0142adem wsi z charakterystycznymi cechami dla tamtego okresu, poniewa\u017c od stuleci nie stan\u0105\u0142 tu \u017caden nowy budynek. W\u0142a\u015bnie dlatego mo\u017cna uwa\u017ca\u0107, \u017ce dziedzictwo kulturowe Tarczyna i jego najbli\u017cszych okolic jest \u015bwiadectwem tego, jak wytyczano drogi, budowano domy czy uprawiano ogrody i sady owocowe.<\/span><\/p>\n<p>&nbsp;<\/p>\n<p><b>Nasze sta\u0142e dzia\u0142ania w Tarczynie<br \/>\n<\/b><span style=\"font-weight: 400;\">\u2013 stworzenie Fundacji FLOWLAND, kt\u00f3rej celem b\u0119dzie popularyzacja warto\u015bci poszanowania dziedzictwa naturalnego i kulturowego;<br \/>\n<\/span><span style=\"font-weight: 400;\">\u2013 stworzenie przestrzeni rezydencyjnej dla artyst\u00f3w, miejsca warsztat\u00f3w i spotka\u0144 zwi\u0105zanych z kultur\u0105, sztuk\u0105 i edukacj\u0105;<br \/>\n<\/span><span style=\"font-weight: 400;\">\u2013 odbudowa i przystosowanie do dzia\u0142alno\u015bci Fundacji zabudowa\u0144 gospodarczych, w tym Domu nr 13;<br \/>\n<\/span><span style=\"font-weight: 400;\">\u2013 propagowanie zdrowego ekologicznego \u017cywienia i zr\u00f3wnowa\u017conego podej\u015bcia do \u015brodowiska;<br \/>\n<\/span><span style=\"font-weight: 400;\">\u2013 wsp\u00f3\u0142praca z lokalnymi stowarzyszeniami i innymi grupami, zajmuj\u0105cymi si\u0119 ekologi\u0105, kultur\u0105, sztuk\u0105;<br \/>\n<\/span><span style=\"font-weight: 400;\">\u2013 wsp\u00f3\u0142praca z OP ENHEIM oraz Niemiecko-Polsk\u0105 Fundacj\u0105 Ochrony Kultury i Zabytk\u00f3w (DPS);<br \/>\n<\/span><span style=\"font-weight: 400;\">\u2013 organizowanie corocznego pikniku artystycznego FLOWLAND;<br \/>\n<\/span><span style=\"font-weight: 400;\">\u2013 promocja tutejszych starych sad\u00f3w i dawnych odmian drzew owocowych poprzez stworzenie sad\u00f3w edukacyjnych. Wsp\u00f3lnie z LGD Partnerstwo Izerskie uczestniczymy w programie Edukacja w celu zachowania starych sakso\u0144skich i polskich odmian owoc\u00f3w w regionie przygranicznym, w ramach kt\u00f3rego przygotowujemy warsztaty, szkolenia i kursy edukacyjne dla fachowc\u00f3w w dziedzinie sadownictwa;<br \/>\n<\/span><span style=\"font-weight: 400;\">\u2013 wsp\u00f3\u0142praca z Fundacj\u0105 Rolniczej R\u00f3\u017cnorodno\u015bci Biologicznej AgriNatura;<br \/>\n<\/span><span style=\"font-weight: 400;\">\u2013 rekultywacja starych alei czere\u015bniowych oraz stworzenie starego wiejskiego ogrodu przydomowego do cel\u00f3w edukacyjnych. Wsp\u00f3\u0142praca z Arboretum Wojs\u0142awice;<br \/>\n<\/span><span style=\"font-weight: 400;\">\u2013 kontakt z niemieckimi mieszka\u0144cami przedwojennego Kuttenberg (dawna nazwa wsi Tarczyn) w celu zachowania ich dziedzictwa kulturowego, pami\u0105tek i wspomnie\u0144;<br \/>\n<\/span><span style=\"font-weight: 400;\">\u2013 wspomaganie promocji turystycznej gminy i powiatu.<\/span><\/p>\n","protected":false},"excerpt":{"rendered":"<p>FLOWLAND Piknik artystyczny w Tarczynie Tarczyn 13, Wle\u0144 >> FB >> WWW Aktualna edycja: 14.09.2024, Tarczyn Do\u0142\u0105cz do wydarzenia: >> link<\/p>\n","protected":false},"author":1,"featured_media":5615,"parent":4057,"menu_order":75,"comment_status":"open","ping_status":"open","template":"","meta":{"_acf_changed":false,"footnotes":""},"class_list":["post-599","page","type-page","status-publish","has-post-thumbnail","hentry"],"acf":[],"_links":{"self":[{"href":"https:\/\/openheim.org\/pl\/wp-json\/wp\/v2\/pages\/599","targetHints":{"allow":["GET"]}}],"collection":[{"href":"https:\/\/openheim.org\/pl\/wp-json\/wp\/v2\/pages"}],"about":[{"href":"https:\/\/openheim.org\/pl\/wp-json\/wp\/v2\/types\/page"}],"author":[{"embeddable":true,"href":"https:\/\/openheim.org\/pl\/wp-json\/wp\/v2\/users\/1"}],"replies":[{"embeddable":true,"href":"https:\/\/openheim.org\/pl\/wp-json\/wp\/v2\/comments?post=599"}],"version-history":[{"count":22,"href":"https:\/\/openheim.org\/pl\/wp-json\/wp\/v2\/pages\/599\/revisions"}],"predecessor-version":[{"id":9638,"href":"https:\/\/openheim.org\/pl\/wp-json\/wp\/v2\/pages\/599\/revisions\/9638"}],"up":[{"embeddable":true,"href":"https:\/\/openheim.org\/pl\/wp-json\/wp\/v2\/pages\/4057"}],"wp:featuredmedia":[{"embeddable":true,"href":"https:\/\/openheim.org\/pl\/wp-json\/wp\/v2\/media\/5615"}],"wp:attachment":[{"href":"https:\/\/openheim.org\/pl\/wp-json\/wp\/v2\/media?parent=599"}],"curies":[{"name":"wp","href":"https:\/\/api.w.org\/{rel}","templated":true}]}}

<p><strong>FLOWLAND</strong></p>
<p><span style="font-weight: 400;"><strong>Piknik artystyczny w Tarczynie<br />
</strong>Tarczyn 13, Wleń<br />
</span><br />
<a style="font-size: inherit; background-color: #fefefe;" href="https://www.facebook.com/flowlandtarczyn">>> FB</a><br />
<a style="font-size: inherit; background-color: #fefefe;" href="http://www.flowland.org/">>> WWW</a></p>
<p><strong>Aktualna edycja:</strong> 14.09.2024, Tarczyn<br />
<strong>Dołącz do wydarzenia:</strong> >> <a href="https://fb.me/e/3YXg87Ltk" target="_blank" rel="noopener">link</a> <<

<em>*Ze względu na zagrożenie powodziowe i trudne warunki pogodowe, FLOWLAND: 8. Piknik Artystyczny w Tarczynie został odwołany.</em></p>
<p><span style="font-weight: 400;">Piknik organizowany przez Fundację FLOWLAND we współpracy z OP ENHEIM to inicjatywa powstała w 2016 roku, mająca na celu popularyzację poszanowania dziedzictwa naturalnego i kulturalnego. Idea pikniku powstała z potrzeby krzewienia świadomości na temat wyjątkowego regionu w województwie dolnośląskim, który odznacza się nie tylko swoją historią, ale także niezwykłymi walorami przyrodniczo-estetycznymi. Rokrocznie zapraszamy do Tarczyna koło Wlenia, byśmy mogli wspólnie spotkać się ze sobą, sztuką i edukacją.</span></p>
<p><b>Ósma edycja Pikniku<br />
</b></p>
<p class="p1"><span class="s1">W tym roku na terenie Gospodarstwa FLOWLAND przygotowaliśmy ciekawe warsztaty, spotkania i dyskusje. Ponadto, w programie znalazło się otwarcie wystawy Anny Bujak pt. <em>Anima</em> powstałą dzięki współpracy i opiece kuratorskiej Justyny Teodorczyk, a w przestrzeni Domku Letniego zaprezentujemy twórczość lokalnego artysty ps.<em> Lucens</em>. Pasjonaci zielarstwa będą mieli okazję do wysłuchania wykładu Justyny Pobiedzińskiej pt. <em>Cudowne właściwości roślin leczniczych i jak rozpoznać rośliny trujące?</em>, a zainteresowani renowacją do wzięcia udziału w dyskusji <em>long table</em> prowadzonej przez Marka Sztarka – <em>Ratownik. Szaleniec czy pasjonat od zabytków? </em></span><span class="s1">Częścią Pikniku będzie także koncert Kasi Pakosy i Artura Witkowskiego. </span></p>
<p class="p1"><span class="s1"> Nie zabraknie oczywiście tego, co wszyscy lubią najbardziej, czyli sesji jogi na trawie, rozgrywek szachowych i wielu innych atrakcji. Nieodłącznym punktem programu, jest oczywiście jarmark produktów regionalnych i rękodzieła, na którym można skosztować wyrobów lokalnych rzemieślników oraz zobaczyć wyroby rękodzielnicze twórczyń i twórców z Dolnego Śląska. W tym roku również Piknik jest elementem obchodów Europejskich Dni Dziedzictwa, a podczas wydarzenia będziemy obchodzić uroczystości związane z ogłoszeniem nominacji w konkursie <i>Zabytek-nie zapomnij! / Denkmal-denk mal dran!</i>.</span></p>
<p class="p1"><span class="s1">Widzimy się 14 września na terenie FLOWLAND!</span></p>
<p><b>Czym jest FLOWLAND?<br />
</b><span style="font-weight: 400;">FLOWLAND to projekt realizowany od 2016 roku, który ma na celu popularyzację wartości poszanowania dziedzictwa naturalnego i kulturowego. Dotychczas organizowaliśmy go jedynie w formie jednodniowego wydarzenia lokalnego, natomiast w tym roku rozszerzamy nasze działania, udając się w nowe kierunki rozwoju. </span><span style="font-weight: 400;">Chcąc realizować misję, podjęliśmy kroki profesjonalizacji naszych działań i powołaliśmy Fundację FLOWLAND, która organizuje i porządkuje nasze wszystkie dotychczasowe działania w regionie. FLOWLAND staje się gospodarstwem ekologiczno-artystycznym, w którym chcemy nie tylko rokrocznie spotykać się przy okazji pikniku, ale także tworzyć otwartą przestrzeń &#8211; miejsce warsztatów i spotkań związanych z kulturą, sztuką i edukacją. Pragniemy propagować ideę zdrowego ekologicznego żywienia i zrównoważonego podejścia do środowiska, wspierając lokalne inicjatywy oraz nawiązując współpracę z grupami, zajmującymi się ekologią, kulturą, sztuką. </span></p>
<p><span style="font-weight: 400;">Aktywnie promujemy także tutejsze stare sady i dawne odmiany drzew owocowych poprzez stworzenie sadów edukacyjnych, rekultywację kolejnych części starych alei czereśniowych oraz rozwijanie starego wiejskiego ogrodu przydomowego do celów edukacyjnych. Poprzez FLOWLAND promujemy zatem walory regionu i aktywnie wspieramy turystykę zarówno  gminy, jak i powiatu. </span><span style="font-weight: 400;">Więcej informacji: </span><a href="https://fb.me/e/1DEsUCwcK"><span style="font-weight: 400;">link</span></a><span style="font-weight: 400;">.</span></p>
<p><b>TARCZYN<br />
</b><span style="font-weight: 400;">Siedzibą FLOWLAND jest Tarczyn k. Wlenia – najmniejsza wioska w Sudetach Zachodnich, mogąca poszczycić się średniowieczną metryką. Jego integralną częścią jest nietuzinkowy krajobraz, na który składa się nie tylko przyroda, ale także szachownice pól i sam układ wsi położonej na górze Tarczynce, z której podziwiać można zapierającą dech w piersiach panoramę Karkonoszy i poznawać tradycje kulturowe tych terenów.</span></p>
<p><span style="font-weight: 400;">Pierwsze wzmianki o Tarczynie zlokalizowanym niedaleko Wlenia pojawiały się już na przełomie XII i XIII wieku. Jest przykładem wsi z charakterystycznymi cechami dla tamtego okresu, ponieważ od stuleci nie stanął tu żaden nowy budynek. Właśnie dlatego można uważać, że dziedzictwo kulturowe Tarczyna i jego najbliższych okolic jest świadectwem tego, jak wytyczano drogi, budowano domy czy uprawiano ogrody i sady owocowe.</span></p>
<p>&nbsp;</p>
<p><b>Nasze stałe działania w Tarczynie<br />
</b><span style="font-weight: 400;">– stworzenie Fundacji FLOWLAND, której celem będzie popularyzacja wartości poszanowania dziedzictwa naturalnego i kulturowego;<br />
</span><span style="font-weight: 400;">– stworzenie przestrzeni rezydencyjnej dla artystów, miejsca warsztatów i spotkań związanych z kulturą, sztuką i edukacją;<br />
</span><span style="font-weight: 400;">– odbudowa i przystosowanie do działalności Fundacji zabudowań gospodarczych, w tym Domu nr 13;<br />
</span><span style="font-weight: 400;">– propagowanie zdrowego ekologicznego żywienia i zrównoważonego podejścia do środowiska;<br />
</span><span style="font-weight: 400;">– współpraca z lokalnymi stowarzyszeniami i innymi grupami, zajmującymi się ekologią, kulturą, sztuką;<br />
</span><span style="font-weight: 400;">– współpraca z OP ENHEIM oraz Niemiecko-Polską Fundacją Ochrony Kultury i Zabytków (DPS);<br />
</span><span style="font-weight: 400;">– organizowanie corocznego pikniku artystycznego FLOWLAND;<br />
</span><span style="font-weight: 400;">– promocja tutejszych starych sadów i dawnych odmian drzew owocowych poprzez stworzenie sadów edukacyjnych. Wspólnie z LGD Partnerstwo Izerskie uczestniczymy w programie Edukacja w celu zachowania starych saksońskich i polskich odmian owoców w regionie przygranicznym, w ramach którego przygotowujemy warsztaty, szkolenia i kursy edukacyjne dla fachowców w dziedzinie sadownictwa;<br />
</span><span style="font-weight: 400;">– współpraca z Fundacją Rolniczej Różnorodności Biologicznej AgriNatura;<br />
</span><span style="font-weight: 400;">– rekultywacja starych alei czereśniowych oraz stworzenie starego wiejskiego ogrodu przydomowego do celów edukacyjnych. Współpraca z Arboretum Wojsławice;<br />
</span><span style="font-weight: 400;">– kontakt z niemieckimi mieszkańcami przedwojennego Kuttenberg (dawna nazwa wsi Tarczyn) w celu zachowania ich dziedzictwa kulturowego, pamiątek i wspomnień;<br />
</span><span style="font-weight: 400;">– wspomaganie promocji turystycznej gminy i powiatu.</span></p>

<p>FLOWLAND Piknik artystyczny w Tarczynie Tarczyn 13, Wleń >> FB >> WWW Aktualna edycja: 14.09.2024, Tarczyn Dołącz do wydarzenia: >> link</p>
